{"id":129,"date":"2019-09-30T23:14:49","date_gmt":"2019-10-01T02:14:49","guid":{"rendered":"https:\/\/3i.com.br\/site\/?page_id=129"},"modified":"2019-09-30T23:22:03","modified_gmt":"2019-10-01T02:22:03","slug":"consultar-posicoes","status":"publish","type":"page","link":"https:\/\/3i.com.br\/site\/consultar-posicoes\/","title":{"rendered":"Consultar Posi\u00e7\u00f5es"},"content":{"rendered":"<h1 style=\"text-align: center;\">Chamados T\u00e9cnicos:<\/h1>\n<p style=\"text-align: center;\">Preencha os dados abaixo para ter acesso a nosso sistema interno e<br \/>\nconsultar posi\u00e7\u00f5es de chamados t\u00e9cnicos:<\/p>\n","protected":false},"excerpt":{"rendered":"<p>Chamados T\u00e9cnicos: Preencha os dados abaixo para ter acesso a nosso sistema interno e consultar posi\u00e7\u00f5es de chamados t\u00e9cnicos:<\/p>\n","protected":false},"author":1,"featured_media":0,"parent":0,"menu_order":0,"comment_status":"closed","ping_status":"closed","template":"","meta":{"_acf_changed":false,"footnotes":""},"class_list":["post-129","page","type-page","status-publish","hentry"],"acf":[],"_links":{"self":[{"href":"https:\/\/3i.com.br\/site\/wp-json\/wp\/v2\/pages\/129","targetHints":{"allow":["GET"]}}],"collection":[{"href":"https:\/\/3i.com.br\/site\/wp-json\/wp\/v2\/pages"}],"about":[{"href":"https:\/\/3i.com.br\/site\/wp-json\/wp\/v2\/types\/page"}],"author":[{"embeddable":true,"href":"https:\/\/3i.com.br\/site\/wp-json\/wp\/v2\/users\/1"}],"replies":[{"embeddable":true,"href":"https:\/\/3i.com.br\/site\/wp-json\/wp\/v2\/comments?post=129"}],"version-history":[{"count":0,"href":"https:\/\/3i.com.br\/site\/wp-json\/wp\/v2\/pages\/129\/revisions"}],"wp:attachment":[{"href":"https:\/\/3i.com.br\/site\/wp-json\/wp\/v2\/media?parent=129"}],"curies":[{"name":"wp","href":"https:\/\/api.w.org\/{rel}","templated":true}]}}